 15, what is -9 - -5?
-4
In base 9, what is -4650 - -7?
-4642
In base 15, what is 89 - -17?
a1
In base 3, what is 110200 + 0?
110200
In base 4, what is 1021 + 110?
1131
In base 8, what is 3455 - -3?
3460
In base 6, what is 1 - 212?
-211
In base 5, what is 10 - -440?
1000
In base 4, what is 0 - 112?
-112
In base 5, what is -1 - -332?
331
In base 11, what is 509 + -3?
506
In base 6, what is 5 + 25301?
25310
In base 14, what is 73b8 - -4?
73bc
In base 6, what is 0 + 133?
133
In base 8, what is 2 + -430?
-426
In base 12, what is -6 + -58?
-62
In base 14, what is 12 - 2?
10
In base 16, what is 7c + -14?
68
In base 7, what is 5020 - 20?
5000
In base 15, what is 444 - 5?
43e
In base 10, what is -2 + 262?
260
In base 11, what is 1 + -30?
-2a
In base 11, what is -24 + 0?
-24
In base 9, what is -740 - -5?
-734
In base 7, what is -213 + -5?
-221
In base 2, what is 101 + -1010?
-101
In base 12, what is -4065 - 3?
-4068
In base 3, what is 2212 - 21?
2121
In base 9, what is 1801 - -1?
1802
In base 13, what is -23 + 2?
-21
In base 9, what is 681 - 6?
674
In base 14, what is -8 + -32?
-3a
In base 2, what is 0 - 10110001?
-10110001
In base 13, what is 8 + 9?
14
In base 16, what is 4 - 60d?
-609
In base 11, what is -3 + 1980?
1978
In base 16, what is -fb + -d?
-108
In base 2, what is 101010 + -10?
101000
In base 13, what is -9 + -57?
-63
In base 6, what is 2 - 1123?
-1121
In base 6, what is -41 + 11?
-30
In base 4, what is -3 - -102?
33
In base 3, what is -10 + 102002222?
102002212
In base 3, what is -100101100 - 12?
-100101112
In base 14, what is -1 - -42?
41
In base 2, what is 100 + 11111001011?
11111001111
In base 3, what is 0 + -121021?
-121021
In base 2, what is 1 + 100001110?
100001111
In base 9, what is -1 + 426?
425
In base 2, what is 101 - 100?
1
In base 14, what is -3 + -1672?
-1675
In base 5, what is -432 + 3?
-424
In base 11, what is 141 - -1?
142
In base 15, what is -3 - -b?
8
In base 9, what is 74 - 2?
72
In base 13, what is 222 - 6?
219
In base 12, what is -5 - -121?
118
In base 5, what is 10 + 11122?
11132
In base 8, what is 5 - 1202?
-1175
In base 7, what is 4 + 12154?
12161
In base 6, what is -12 - 203?
-215
In base 4, what is 11313 - 21?
11232
In base 13, what is 40 + -16?
27
In base 11, what is 1033 - -2?
1035
In base 5, what is -1021 - -101?
-420
In base 4, what is 123 + 10?
133
In base 2, what is -10001 + -1001?
-11010
In base 12, what is 4 - -211?
215
In base 6, what is -10 + 2?
-4
In base 3, what is -111001 + -1112?
-112120
In base 14, what is 7 + 193?
19a
In base 11, what is 111 - -1?
112
In base 4, what is 1103 - 100?
1003
In base 16, what is b + 72?
7d
In base 7, what is -2 - -13600?
13565
In base 3, what is 10 + -2010?
-2000
In base 12, what is -5 - 77?
-80
In base 6, what is -540 + -10?
-550
In base 2, what is 10110100 - -10?
10110110
In base 8, what is -156 + 4?
-152
In base 16, what is 1f - -34?
53
In base 3, what is 10 + 100011?
100021
In base 4, what is 21233 + 20?
21313
In base 15, what is -54a - -4?
-546
In base 15, what is -46 + -33?
-79
In base 2, what is -1111011 + -10?
-1111101
In base 12, what is 523 + 7?
52a
In base 14, what is -2 - a7?
-a9
In base 3, what is -2 - -212220?
212211
In base 9, what is 18 - -3435?
3454
In base 14, what is -c + 243?
235
In base 4, what is 203321 - 0?
203321
In base 9, what is -6858 - 3?
-6862
In base 9, what is 4 + -67?
-63
In base 13, what is 20bc + 0?
20bc
In base 5, what is -14423 + 0?
-14423
In base 14, what is 68 + 3?
6b
In base 8, what is 316 + 45?
363
In base 3, what is -20010022 - 10?
-20010102
In base 9, what is -43 + -1?
-44
In base 2, what is -100 - -11011111000?
11011110100
In base 16, what is -a6 - 2?
-a8
In base 10, what is 1 + 212?
213
In base 9, what is -1375 + 3?
-1372
In base 15, what is 5 - 2a?
-25
In base 6, what is 3153 - 2?
3151
In base 11, what is -1 + -563?
-564
In base 12, what is -1a - 3?
-21
In base 13, what is -20 + 48?
28
In base 6, what is -1241 - 3?
-1244
In base 3, what is -12 - -1100220?
1100201
In base 9, what is 1 - -40?
41
In base 5, what is -2 - 11030?
-11032
In base 13, what is -191 + -2?
-193
In base 11, what is 97 + 3a?
126
In base 6, what is 2 - -30434?
30440
In base 12, what is -58 - 7b?
-117
In base 3, what is 1202021 - 12?
1202002
In base 10, what is -30 - 559?
-589
In base 5, what is -1030 + -114?
-1144
In base 2, what is 1 - -111010?
111011
In base 9, what is -3 + -515?
-518
In base 14, what is -251 - -d?
-242
In base 11, what is 2 - -374?
376
In base 2, what is -100 + -1111011111?
-1111100011
In base 7, what is -6112 - 13?
-6125
In base 6, what is -1 - 2215?
-2220
In base 14, what is 32 - -77?
a9
In base 12, what is -3 + -41?
-44
In base 10, what is -123 - 5?
-128
In base 3, what is -2 + 2210?
2201
In base 8, what is 4 + -37?
-33
In base 14, what is -88 - d?
-97
In base 9, what is -5 + -82?
-87
In base 9, what is -2 - 665?
-667
In base 14, what is 0 - c?
-c
In base 8, what is -57 + -67?
-146
In base 10, what is -6 + 4?
-2
In base 8, what is 62 - -323?
405
In base 12, what is -2a9 + 2?
-2a7
In base 10, what is -125 + 1?
-124
In base 12, what is -14 - -11?
-3
In base 14, what is 46b + 2?
46d
In base 12, what is 17 + 40?
57
In base 5, what is 3 - 13033?
-13030
In base 2, what is -1101 + -11?
-10000
In base 12, what is -1820 + -2?
-1822
In base 11, what is -83 - -1?
-82
In base 5, what is -1332 + 131?
-1201
In base 10, what is -14 - -9?
-5
In base 9, what is -2 - -3227?
3225
In base 2, what is -11110 + -111110?
-1011100
In base 15, what is 12c + -4?
128
In base 5, what is 13244 - 24?
13220
In base 14, what is -3 - -da2?
d9d
In base 10, what is 4 - -82?
86
In base 13, what is -b29 + -a?
-b36
In base 4, what is 11 - -3?
20
In base 4, what is 11 + 11311?
11322
In base 8, what is -253 - 3?
-256
In base 5, what is -2110 + 4?
-2101
In base 2, what is 10100010 - -1?
10100011
In base 4, what is -12102 - -103?
-11333
In base 10, what is 40 - -4?
44
In base 15, what is 0 - 1d?
-1d
In base 8, what is -3 + 1073?
1070
In base 2, what is 1011011 - 0?
1011011
In base 15, what is -9 - 5?
-e
In base 13, what is 4 + 136?
13a
In base 12, what is -23 + -18a?
-1b1
In base 2, what is -1100 - 11010?
-100110
In base 8, what is -5 - 13?
-20
In base 10, what is -698 + 1?
-697
In base 4, what is -2313 + 200?
-2113
In base 14, what is 5 + 45?
4a
In base 14, what is 35 + -2?
33
In base 13, what is 26 + 13?
39
In base 4, what is -103 - 2331?
-3100
In base 12, what is -15 - -7?
-a
In base 2, what is -111101 - 10111111?
-11111100
In base 16, what is -7 + 333?
32c
In base 9, what is -47 - -36?
-11
In base 4, what is 2111 + 222?
2333
In base 10, what is 373 - -4?
377
In base 10, what is 2 - -109?
111
In base 15, what is -1 - -3?
2
In base 2, what is -100001 + -11?
-100100
In base 16, what is b7 + 5?
bc
In base 9, what is -7 + -10?
-17
In base 11, what is -a86 - -4?
-a82
In base 5, what is -10 + 10?
0
In base 5, what is -11400 + -10?
-11410
In base 15, what is -2 + -129?
-12b
In base 7, what is -20 + -1?
-21
In base 5, what is -104 - -11?
-43
In base 13, what is -164 - 36?
-19a
In base 12, what is -ab51 + 3?
-ab4a
In base 13, what is 1 - -6c?
70
In base 13, what is -6 + 5a1?
598
In base 15, what is -a + 89?
7e
In base 12, what is -4b9 - -5?
-4b4
In base 15, what is 0 - -10?
10
In base 7, what is 321 + -4?
314
In base 15, what is -14 - 13?
-27
In base 9, what is -247 + -27?
-275
In base 7, what is 2 - 16320?
-16315
In base 16, what is e - 20?
-12
In base 11, what is -5 + -33?
-38
In base 4, what is 2 + -110?
-102
In base 16, what is 225 - 3?
222
In base 7, what is 6 + 3326?
3335
In base 16, what is -2e + c?
-22
In base 11, what is -12 - 49?
-60
In base 8, what is -165 - -251?
64
In base 14, what is -7 + 2?
-5
In base 13, what is 59 - -2?
5b
In base 3, what is 11 - 210?
-122
In base 7, what is 25 - -134?
162
In base 13, what is -3b - 19?
-57
In base 5, what is -130 - 2?
-132
In base 8, what is -2756 + -6?
-2764
In base 10, what is -3 + 99?
96
In base 8, what is 12 - 74?
-62
In base 3, what is 0 + -2222?
-2222
In base 6, what is -1112 - 25?
-1141
In base 10, what is -2 - 3983?
-3985
In base 7, what is 2 + -112?
-110
In base 6, what is 2 + 14310?
14312
In base 12, what is -311 + -39?
-34a
In base 8, what is -7 - 324?
-333
In base 9, what is -2 + 222?
220
In base 14, what is -3 - -207